 is the tens digit of t?
8
Let i = -3203 - -2247. Let t = -392 - i. What is the tens digit of t?
6
Suppose -14*s + 5*s + 108 = 0. What is the hundreds digit of 880 + 5/(30/s)?
8
Suppose 27 = 4*p + 19, 3*d - 4*p - 278578 = 0. What is the ten thousands digit of d?
9
Suppose -4*f + 24361 = -c - 8105, 3*f - c = 24349. What is the thousands digit of f?
8
Let j = -22 + 16. Let p be ((-18)/j + -2)*-2*1. What is the units digit of 160/4*(-2)/p?
0
Let w = -258 + 265. Let q(k) = k**3 - 5*k**2 - k + 24. What is the tens digit of q(w)?
1
Let s(q) = 3*q**3 - 4*q**2 - 2*q + 3. Let a be s(10). Let f = a - 1504. What is the tens digit of f?
7
Suppose -2*u - 12 = 0, -b + 415*u + 21010 = 420*u. What is the tens digit of b?
4
Let j(f) = -3*f**3 - 7*f**2 + 2*f + 4. Let u(t) = 0*t**3 - 12*t**2 + 4 - 4*t**3 + 4*t**2 + 3*t. Let r(x) = -5*j(x) + 4*u(x). What is the units digit of r(-3)?
4
Let g(x) = -2*x**2 - 4*x - 7. Let i be g(-3). Let a(p) = -31*p + 54. What is the units digit of a(i)?
7
Let s = 12223 - 5765. What is the units digit of s?
8
Let s = -88946 + 137716. What is the units digit of s?
0
Suppose 0 = -52*l + 53*l - 3. What is the hundreds digit of 1200/(15/l) + -2?
2
Let u(z) = 2*z**2 + 50*z + 30. Let v be u(-38). Suppose -5*c + q = -7*c + 1018, -2*q + v = 2*c. What is the hundreds digit of c?
5
Let d = 124 + 0. Suppose -5*h - 7 = -4*o + 23, 3*o - 3*h - 21 = 0. Suppose -3*q = o*x - 160, -q - q + d = -x. What is the tens digit of q?
6
Let d be (-1)/((-6)/126) - 4. Suppose -d*l + 17865 = 6747. What is the hundreds digit of l?
6
Let v(h) = -648*h + 2. Let r be v(-1). Suppose -4*j - 2*t = 6, 4*j - 3*t - 9 + 0 = 0. Suppose j = 13*a - 8*a - r. What is the units digit of a?
0
Let q(j) = -j + 1. Let w(h) = -29*h - 12. Let t(r) = -q(r) + w(r). Let s be t(-8). Suppose 6*y - y + s = 4*n, 0 = 3*n + 2*y - 141. What is the units digit of n?
9
Suppose -125372 = -49*d + 2467757. What is the units digit of d?
1
Let m(y) = -y**3 + 2*y**2 + 4043. Let p be m(0). Suppose -30*b = -11617 - p. What is the hundreds digit of b?
5
Let l be 3/(45/(-6)) - (-94)/10. Let r = -38 + 50. What is the tens digit of (l/12 - (-39)/r) + 27?
3
Let b = -17 + 21. Suppose 4*x - 5*k = 0, -b*x - 3*k + 37 = x. Suppose 8*h - 3*h - n = 271, x*n = -h + 49. What is the tens digit of h?
5
What is the ten thousands digit of 44529*((-84)/14 - 76/(-12))?
1
Let c(i) = -2*i**3 - 12*i**2 - 21*i - 10. Let x = 79 - 88. What is the hundreds digit of c(x)?
6
Let u(j) = 6*j**2 + 8 - 11*j + 11 - 18*j - 12*j + 46*j. What is the tens digit of u(-10)?
6
Let i(m) = 8 - 2 + 73*m - 77*m. Let b be i(1). Suppose 0 = -5*n + 3*a + 36, b*n + 4*a - 3 = 1. What is the units digit of n?
6
Suppose -6*d + 7582 + 48333 = -22775. What is the units digit of d?
5
Suppose -t - 3*a + 264 = 0, -4*t + 3*t + 269 = -2*a. Suppose -8*b = -t - 141. What is the units digit of b?
1
Let g(t) be the second derivative of 119*t**3/6 + t**2 + 29*t + 1. What is the units digit of g(10)?
2
Suppose 18*y - 29*y + 97658 - 13233 = 0. What is the units digit of y?
5
Let r = -31 - -33. Suppose -2250 = -r*p - 4*p. What is the units digit of p?
5
Suppose -4*b = 2*u - 18, u + 0*b = -3*b + 12. Let n be 1*(-4)/(-6)*u. Suppose n*j = -5*o + 195 + 192, -177 = -j + 3*o. What is the units digit of j?
6
Let o(c) = 3*c - 18. Suppose 0 = -5*r + 2*r + 4*q + 32, -5*r - 3*q = -34. Suppose 68 = 5*j + r. What is the units digit of o(j)?
8
Let p(i) = 130*i**2 + 1949*i + 27. What is the tens digit of p(-28)?
7
Let r(n) = -2*n**3 + 11*n**2 + 13*n - 2. Let u be r(9). Let p(y) = y**2 - 40*y + 110. Let m be p(23). Let q = m - u. What is the hundreds digit of q?
1
Let w(s) = -1240*s - 293. What is the hundreds digit of w(-6)?
1
Let m = -77350 + 109040. What is the thousands digit of m?
1
Suppose -4*x = 4*s - 13880, 4192 = 2*s - 5*x - 2720. What is the tens digit of s?
6
Let u(x) = -x**3 + 6*x**2 + x - 7. Let g be u(6). Let p = 542 - 518. Let z = p + g. What is the units digit of z?
3
Let a be (0 - 12/9)*3702/(-4). Suppose -3*l + a = 118. Suppose l = 4*v - v. What is the hundreds digit of v?
1
Let q(z) = -38 - 3*z + 10*z + 2. Let m be (1036 - 1033) + (0 - -2 - 3/(-1)). What is the tens digit of q(m)?
2
What is the thousands digit of 156492/154 + 3 + ((-315)/33)/3?
1
Let v(u) = u**2 - 25*u - 113. Let f be v(29). Suppose -127 = -f*t - 3*j + 341, -4*t - j + 612 = 0. What is the tens digit of t?
5
Let a(t) = 62*t + 7. Let k(d) = 21*d + 3. Let h(n) = 2*a(n) - 7*k(n). What is the tens digit of h(-2)?
3
Let f(h) = h**3 - 30*h**2 + 33*h - 100. Let y be f(29). Suppose 0 = 17*t - y*t - 135. What is the units digit of t?
5
Let h be ((-116 - -2)/2)/1. Let b(n) = -2*n**2 + 3*n - 5. Let u be b(-3). Let t = u - h. What is the units digit of t?
5
Let v(g) = 3*g**2 - 4 + 35*g + 8*g + 9*g - 64. What is the units digit of v(-27)?
5
Let o = 782 + -410. Let x = -222 + o. What is the units digit of x?
0
Let b = -86569 + 123772. What is the ten thousands digit of b?
3
Let f be (-102)/12*6/1. What is the units digit of ((-34)/f)/((-4)/6)*-1109?
9
Suppose -64519 + 197149 = 36*y - 330042. What is the thousands digit of y?
2
Suppose -z + 2*z = -2, -5*z = -m + 998. Let t = m + -669. What is the hundreds digit of t?
3
Let t(r) = 2*r**3 - 2*r - 2. Let g be t(-1). Let k = 87 + -96. What is the tens digit of g/6 - 228/k?
2
Suppose -3*x = -2*y + 2 - 189, -133 = -2*x + 3*y. Let c = 58 - x. What is the units digit of 3 + (-1 - 1/c)?
3
Suppose 4*y = -3*w - 413 - 652, -5*w - 543 = 2*y. Let p = 221 - y. What is the units digit of p?
5
Let m = 12030 + 947. What is the tens digit of m?
7
Let n(h) = 4*h**2 + 58*h - 14. Let y(q) = -q**2 - 19*q + 5. Let p(v) = 3*n(v) + 8*y(v). Let l be p(-5). What is the units digit of ((-536)/(-6))/((-8)/l)?
4
Let d(j) = -119*j - 156. Let h(o) = -60*o - 78. Let r(s) = 3*d(s) - 5*h(s). What is the units digit of r(-9)?
5
Let s be (6 - 7)/(-2*(-1)/(-206)). Suppose 3*x - 23 = -h + s, -2*h = 3*x - 264. Let d = 146 + h. What is the hundreds digit of d?
2
Let z be 0/((10/4 - 2)*-6). Suppose -4*t + z - 128 = 0. Let s = 6 - t. What is the units digit of s?
8
Suppose 0 = 7*a + 30*a - 159248. What is the tens digit of a?
0
Suppose j - 6 = -4*c, c + 4*j + 4 = -c. Suppose 0 = -c*b + 3*b + h - 377, b - 373 = -3*h. What is the tens digit of b?
7
Suppose -13*h - 12 = -17*h. Suppose -3*q + 1537 = 4*r, -h*r + 2*q - q + 1169 = 0. What is the hundreds digit of r?
3
Let c = 135 - 212. Let l = 211 + c. What is the units digit of l?
4
Let k(n) = n - 5. Let u be k(4). Let h(y) = -1. Let a(x) = x**2 - 16*x - 16. Let m(s) = u*a(s) + 6*h(s). What is the tens digit of m(11)?
6
Let z(u) be the first derivative of -2*u**3 + 10*u**3 - u**2 - 6 - 4*u - u**3. What is the tens digit of z(-2)?
8
Let k(y) = y**2 + 10*y - 8. Let s = 11 - 22. Let l be k(s). What is the units digit of (6/(-9))/(l/(-351))?
8
Let y = -10921 - -83139. What is the units digit of y?
8
Let m(z) = z**3 - 12*z**2 + 16*z - 4. Let w(n) = 2*n**2 - 1 - 16*n + 20*n - n**2. Let f be w(-6). What is the units digit of m(f)?
1
Suppose 0 = 4*u + 4*l - 224, 0*u - 3*u + l + 184 = 0. Let z = u - -1. Suppose -12*g + 1513 - z = 0. What is the hundreds digit of g?
1
Let c(o) = -o**2 - 16*o + 38. Let t = 13 - 31. Let n be c(t). What is the units digit of 678/(-9)*(-3)/n*1?
3
Let z(h) = -432*h - 4048. What is the tens digit of z(-23)?
8
Let z(q) = q**3 - 21*q**2 + 20*q. Let o be z(20). Suppose 3*h + 5*h - 13552 = o. What is the tens digit of h?
9
Let r = 2012 + -860. Suppose -2*f - 271 = -j + r, -4*j + 2*f = -5686. What is the units digit of j?
1
Let b(a) = -a**2 + a. Let p(u) = -u - 9. Suppose -4 - 8 = -3*s, -5*w - 45 = -5*s. Let t(k) = w*b(k) + p(k). What is the units digit of t(4)?
7
Suppose -5*u - 66 = -3*x, -u - 100 = -4*x - 12. Let m be (-267)/(-6)*4/2. Let t = m + x. What is the tens digit of t?
1
Let i(p) = 51*p - 83. Let r be (-4 - (-14)/3)*9. What is the units digit of i(r)?
3
What is the units digit of (-7)/((-112)/288) - -65080?
8
Let n(c) be the first derivative of -7/2*c**4 - 2/3*c**3 + 8 - c**2 - c. What is the units digit of n(-2)?
7
Suppose 29*q = 20*q. Suppose -5*j + 1819 = -q*o - 2*o, -361 = -j - o. What is the hundreds digit of j?
3
Suppose s - 38334 = -5*v, -2*s = 4*v + 27992 - 104618. What is the tens digit of s?
9
Let b = 912 - 602. Let n(s) = 27